igit of c(n)?
1
Suppose -257*w - 2072 = -264*w. What is the hundreds digit of w?
2
Let n(h) = h - 45. Let b(r) = r - 45. Let v(a) = -3*b(a) + 2*n(a). What is the tens digit of v(-14)?
5
Suppose 5*k = -3*h - 83, -h - 4*k - 24 - 13 = 0. Let g(d) = -10*d - 9. Let o be g(-7). Let f = h + o. What is the tens digit of f?
4
Suppose -2*l + 0*l + 14 = 0. Suppose -l*n = -2*n - 15. Suppose -5*o = 3*b - 67, -2*b - 5*o = n*b - 105. What is the units digit of b?
9
Let m be 99/(-44)*4/(-1). Let o = -27 + m. Let j = o + 35. What is the tens digit of j?
1
Let j(f) = 52 + 3*f - f - 30. Let p be j(-10). Suppose -c + 26 = 3*k, 3*k - 5*k + 24 = p*c. What is the units digit of k?
7
What is the hundreds digit of (154/42)/((-2)/(-138))?
2
Suppose -14*p = -7031 - 44573. What is the tens digit of p?
8
Let i be 28*(3/2)/3. Suppose 3*f + 5 = i. Suppose f*y - 100 = -2*x - 0*x, 4*y + 4*x = 132. What is the units digit of y?
4
Let x(y) = -y**2 - 4*y + 1. Let j be x(-2). Suppose j*m - 63 = -3. What is the units digit of m?
2
Suppose -20*j + 24216 = -1644. What is the thousands digit of j?
1
Suppose -6 = 17*x - 14*x. What is the units digit of x/5 - (-9)/(-15) - -112?
1
Let v(d) = -13*d + 8*d - 10*d. Let k be v(1). Let z = 35 + k. What is the tens digit of z?
2
Let x(f) = -3*f - 2. Let h be x(-2). Suppose -2*q - h = 2*t, -q + 7 = -2*t - 6. Suppose 3*n - 46 = 4*o - 126, n + 60 = q*o. What is the tens digit of o?
2
Let q be 1485/20 + (-3)/(-24)*-2. Let a = 81 - q. What is the units digit of a?
7
Let v(g) = -g**3 + 49*g**2 - 7*g - 175. What is the thousands digit of v(48)?
1
Let a = -4 - 2. Let z(n) = n**3 + 6*n**2 + 2. Let k be z(a). Suppose -11 = -i + k. What is the units digit of i?
3
Suppose -2*v + 2*u + 0*u = 714, 3*v - u + 1075 = 0. Let w = 574 + v. What is the units digit of w?
5
Let h be 1*(-4 + 7 + -3). Suppose 4*v - 654 + 190 = h. What is the hundreds digit of v?
1
Let g be ((-3)/(-4))/(1/(-12)). Let s = g + 5. What is the units digit of (0 - 12)/(6/s)?
8
Let w(z) = 101*z**2 + z. Let v be 1/(-2) + (-4)/8. Let o be w(v). Suppose 3*t - o = -t. What is the tens digit of t?
2
Suppose -3*g + 45 = 2*g. Let x be 268*(2 - g/6). Let r = x + -91. What is the units digit of r?
3
Suppose -h = -s - 14, 3*s + 4*h = -14 - 14. What is the hundreds digit of 1*8/s*501/(-2)?
1
Suppose 0 = -3*l + 2*j + 80, -5*j + 55 = -5*l + 6*l. What is the units digit of l?
0
Let v(u) = u + 4. Let w(t) = -t**3 + 6*t**2 + 9*t - 12. Let c be w(7). Suppose -2*m - 15 = 3*h, c*h + 9 = -2*h + m. What is the units digit of v(h)?
1
Let b = 29 + -28. Let f be b/(-5) + 13/65. Suppose 5*u + 2*j - 11 = 0, 2*u + 5*j + f = 17. What is the units digit of u?
1
Let a(s) be the third derivative of -s**6/120 - 3*s**5/20 + 13*s**4/24 + 5*s**3/6 - 6*s**2. What is the tens digit of a(-11)?
0
Suppose 2*r - 2*h + 58 = r, -2*h = 4*r + 282. Let o(x) = -3*x**3 + 4*x**2 - 4*x. Let t be o(2). Let j = t - r. What is the tens digit of j?
5
Let r(f) = f**2 + 8*f + 2. Let w be r(-8). Suppose 6 = 4*l - w. Suppose 5*q - 95 = -l*g, -q + 39 - 12 = 2*g. What is the units digit of q?
7
Let o(b) = 5*b**3 + 19*b**2 + b - 44. Let p(r) = 2*r**3 + 6*r**2 - 15. Let n(d) = 3*o(d) - 8*p(d). What is the tens digit of n(5)?
0
Let n = -14 - -18. Suppose 0 = 2*a - n*a. Suppose -3*c - c + 92 = a. What is the units digit of c?
3
Let n(q) = 27*q - 4. Suppose -3*s + 4*j = -65, -2*s + 0*j = j - 47. Suppose 0 = -s*u + 22*u + 2. What is the units digit of n(u)?
0
Let a = -22 + 40. Let r be (-9)/(-3) + (0 - -1). Let l = a + r. What is the tens digit of l?
2
Let a(o) = -o**3 - 2*o**2 - 4*o - 3. Suppose -6*b + 1 = 7. Let d be (b*(-2 + 5))/1. What is the units digit of a(d)?
8
Suppose 0 = -7*b + 26*b - 8892. What is the tens digit of b?
6
Suppose -5*i = -k + 1152, -3*k = -4*i - 809 - 2691. What is the units digit of k?
2
Let v be (5/(-10))/(2/(-76)). Let g(i) = -3*i + v*i**2 + i**3 - 6*i**2 - 1 - 14*i**2. What is the units digit of g(3)?
8
Let r(y) = -11*y - 3. Let t(f) = 12*f + 3. Let h(p) = -4*r(p) - 3*t(p). Let d be h(3). Let b = d - 4. What is the units digit of b?
3
Let a = 1367 - 752. What is the hundreds digit of a?
6
Suppose -5*b = -g - 0 + 12, -2*g + 2*b = -24. Let w be 44/g - (-2)/(-3). What is the units digit of ((-20)/(-3))/(1/w)?
0
Suppose -20 = -2*u - 2*a - 2*a, u - 5*a = -25. Suppose -5*t + d = -u*d - 6, -t - 4*d + 18 = 0. What is the units digit of t?
2
Let c = -49 + 75. Let d be c/10 + 12/30. Suppose -i = -d*i + 62. What is the tens digit of i?
3
Let c = 14 + -9. Let z = c + 15. What is the tens digit of z?
2
Let s(q) = 3*q**2 + 7*q - 2. Let o be s(-7). Let x be (3 - 1)*(-1 + o). Suppose -3*l + x = 2*l. What is the units digit of l?
8
Let p = -44 - -40. What is the tens digit of 81 + -3*p/3?
8
Let a = -2830 - -1036. What is the hundreds digit of 2/((-36)/a) - 1/(-3)?
1
Suppose 193*p - 33225 = 178*p. What is the units digit of p?
5
Suppose 868 = 23*c - 11874. What is the tens digit of c?
5
Suppose 5*a + 86 = 3*i, -3*i - 28 - 30 = 4*a. Let h = a - -12. Let p(z) = -11*z + 6. What is the units digit of p(h)?
0
Let x be 6/4*(-288)/(-27). Let j = x - 14. Suppose -2*p + 75 = -0*p + 5*l, 0 = -j*p - 2*l + 66. What is the tens digit of p?
3
Let m(s) = s**2 - 5*s. Let g be -3*((-4)/(16/(-12)) - 1). What is the tens digit of m(g)?
6
Let q(s) = 2*s**2 + 12*s + 5. Let i be q(-6). Suppose 2*v - 183 = -i*m, -m + 20 = 3*m. What is the tens digit of v?
7
Let j = 459 + -657. What is the units digit of 4/(2 - -2)*-1 - j?
7
Let u = -42 - -44. What is the tens digit of ((320/15)/8)/(u/78)?
0
Suppose 5*d + 96 = d. Let t be d/20*(-5)/2. Suppose -t*j = 2*i - 39, 5*i + j - 62 = 2*i. What is the units digit of i?
1
Suppose -483*h - 4150 = -493*h. What is the units digit of h?
5
Let o(p) = 3*p**2 - 5 - 2*p + p**3 + 14*p**2 + 2*p**2. What is the tens digit of o(-19)?
3
Suppose a - 5*b - 1 - 1 = 0, -b = 2*a - 48. Suppose 0*l = -l + a. What is the tens digit of l?
2
Suppose j = -j. Let l = j + 1. What is the units digit of -17*(2 - l - 2)?
7
Let v = 8 - 8. Suppose v*b = -5*b + 4*y - 56, 5*b + 2*y + 32 = 0. Let x = b - -18. What is the tens digit of x?
1
Let o(q) = -q**2 - 38*q + 60. What is the hundreds digit of o(-31)?
2
Suppose 3*y = 3*h - 21, -11 = -4*h + 2*h - y. Let w be (132/14)/(h/42). Let z = w - 47. What is the units digit of z?
9
Let u = -541 - -712. What is the hundreds digit of u?
1
Suppose 5*s - 3*p - 16 = 0, -2*s = 5*p - 27 + 2. Suppose -s + 263 = 3*b. What is the units digit of b?
6
Suppose 2*v - 4*v = 58. What is the tens digit of 1 + 0 + 0 - v/1?
3
Suppose 35*f - 40*f = -1480. What is the tens digit of f?
9
Let u(h) = h**2 + 8*h + 9. Let x be u(-4). What is the tens digit of (-15)/(-105) + (-615)/x?
8
What is the units digit of 1 + 1 - -725*(-55)/(-11)?
7
Let k = 6 - -2. Suppose -28 = -3*m + k. Suppose m + 4 = u. What is the tens digit of u?
1
Let r be 2 + ((-1)/2)/(7/(-42)). Suppose 5*j = -r*a + 160, -j - 125 = -5*j - 3*a. What is the tens digit of j?
2
Suppose -o + 814 = 5*t, 2*t - 1 = -11. What is the tens digit of o?
3
Let l = 173 + 85. What is the hundreds digit of l?
2
Let s = 787 - 414. What is the hundreds digit of s?
3
Let i = 28 - -65. Let t = i + 58. What is the hundreds digit of t?
1
Let g be -10*-5*(16/100)/2. Suppose -g*b = -0*b - 196. What is the units digit of b?
9
Suppose 1003 = 2*t + 3*i, 0 = t - 2*i - 0*i - 505. What is the hundreds digit of t?
5
Let o(j) = 4*j**2 + 0*j**2 + 4*j - 11 - 2*j**2. Let n(b) = b**3 + 9*b**2 + b + 4. Let w be n(-9). What is the tens digit of o(w)?
1
Suppose 5*n + 15 - 1 = -l, -3*l + 4*n = -34. Suppose o = l*o + 25. What is the units digit of (o/2)/((-5)/50)?
5
Let p(r) = -4*r**3 - r**2 - r. Let b be p(-1). Suppose v + 3*o - 134 = 0, v + v = -b*o + 266. What is the units digit of v?
1
Let k = 41 - 44. What is the units digit of (1 - (0 + k))*32?
8
Let f = 5 - 4. Let y be ((f - 0) + 3)*1. Suppose -y*r + 6*r - 26 = 0. What is the tens digit of r?
1
Suppose 4*d = 503 + 1265. What is the hundreds digit of d?
4
Let u = -59 + 95. Let a = u + 2. Suppose -4*m - 2 - a = -z, 3*m = z - 36. What is the units digit of z?
4
Suppose 53*q + 380 = 54*q. What is the hundreds digit of q?
3
Suppose -7*r = -3*r - 3*d - 12, 4*d = -5*r + 46. Suppose r*z = z + 335. What is the units digit of z?
7
Let q(n) = 4*n + 2. Let z be q(1). Supp